ber?
True
Let r = 33 + -20. Suppose 10*j - r*j = -42. Is j a composite number?
True
Suppose 2*i + 3*i = -25. Suppose -g = -4*g + 78. Let o = g + i. Is o composite?
True
Let d be 6/8 - 45/12. Is d/((-9)/(-6)) - -15 prime?
True
Suppose -4*f + 69 + 39 = 0. Suppose v - f = -5*b + 3*b, -25 = -v - 4*b. Let o = v + -8. Is o prime?
False
Let x be 0 - (-2*1 + 1). Suppose 0 = 2*a - x - 3. Is 16 - (8/2 - a) prime?
False
Let m(q) = -59*q**3. Let x be m(-1). Suppose 0*d + x = d. Is d composite?
False
Let y = -490 + 701. Suppose b = -t + 5*t + 184, -b - 5*t = -y. Suppose -4*z = -b - 112. Is z a composite number?
True
Is (2/4)/(6/33468) composite?
False
Let q(b) be the third derivative of 0*b**4 + 0 + 1/60*b**5 + 1/3*b**3 + 2*b**2 + 0*b. Is q(3) composite?
False
Let j be (-6)/(-4) + 185/2. Suppose 0 = w - 2*w - j. Let m = w + 131. Is m prime?
True
Let v(a) = a**3 - 3*a**2 - 19*a + 21. Let z be v(17). Let r = -2467 + z. Is r a composite number?
False
Suppose -5*y = -2*y - 3*t + 45, 0 = 5*t + 5. Let k = y + 67. Is k a composite number?
True
Let j(n) = n**2 + 2*n + 2. Let x be j(-3). Let o = -1 + x. Is o prime?
False
Let k(r) = r**3 + 2*r**2 - 4*r + 1. Suppose 2*j + 1 = -5. Let i be k(j). Suppose -i*g - g + 175 = 0. Is g a composite number?
True
Let g = -79 - -1070. Is g composite?
False
Is ((-424)/(-6))/(14/21) a prime number?
False
Let d(z) = -z**2 + 2*z + 2. Let k be d(0). Suppose -4*h + 154 = k*g, 2*g - 3*h - 139 = -2*h. Is g prime?
True
Is 0 + 4 - (-146 - -1) composite?
False
Let h = 79 - -49. Suppose -3*v + 0*v = -2*q - 270, q - 5*v + h = 0. Let c = -83 - q. Is c a prime number?
False
Suppose -13*b + 10*b + 423 = 0. Is b a composite number?
True
Suppose -2*g = 5*s + 75, 0*s = 2*g + 4*s + 72. Let u = -20 + 5. Let f = u - g. Is f a composite number?
True
Suppose 3*z + 0 = 9. Suppose -3*g + z*x = -9, -g + 3 = -4*x - 6. Let t(k) = 86*k - 1. Is t(g) prime?
False
Let c = -1 + 4. Suppose c*v = 2*v + 1. Is (-6*v)/((-4)/10) composite?
True
Is -46*(-70)/8*6/15 composite?
True
Let q(w) = -369*w - 7. Is q(-4) a composite number?
True
Let r = -26 + 28. Suppose -50 = -r*h - 3*y + 551, 5*y = -4*h + 1197. Is h a composite number?
False
Is (2/(-2))/(3/(-339)) prime?
True
Let n(h) = h**3 - 8*h**2 + 10*h - 2. Let w(q) = -17*q + 17*q + 0*q**2 - 1 + q**2 - 7*q**3. Let z be w(-1). Is n(z) a prime number?
True
Suppose 8 + 0 = 4*n. Let o = n + -7. Is 0 + 16 + (o - -3) prime?
False
Let f(g) = -99*g - 2. Is f(-1) a composite number?
False
Suppose 0*h - h = -4*f + 7, 5*f = -5*h + 15. Is (h/3)/((-1)/(-1893)) a prime number?
True
Is (-2 - (-15)/3) + 12 a composite number?
True
Let a = -7 - -6. Let c be 2 + 40 + a + -1. Suppose 5*x + c = 225. Is x a composite number?
False
Is (13/2)/((-2)/(-188)) a composite number?
True
Let n be (-39)/(-15) + (-4)/(-10). Suppose 0 = -0*c + n*c - 9. Suppose 0 = -0*w + c*w - 177. Is w a composite number?
False
Let j(z) be the third derivative of 59*z**6/120 - z**5/60 + z**4/12 - z**3/6 + 3*z**2. Is j(1) a composite number?
False
Suppose -5*k + 300 = -0*k. Suppose 3*v - h + 65 = -2*h, -4*v - 3*h - 80 = 0. Let b = k + v. Is b a prime number?
True
Let o = 3 - 0. Suppose -o*t = -0*t - 9. Is t prime?
True
Let r(n) = -n**3 - n + 2. Let l be r(0). Let a = -114 - -188. Suppose -l*c = 5*k - 349 - 106, -3*c = -k + a. Is k a prime number?
True
Is (19/(-2))/((-1)/118) prime?
False
Let z = 787 - 405. Suppose b + b - z = 0. Is b composite?
False
Let m(z) = 260*z - 31. Is m(9) a composite number?
False
Let q(s) = -147*s - 29. Is q(-12) composite?
True
Suppose -9 = -5*v - 3*t, -3*v = -2*v - 3*t + 9. Suppose 0 = 4*o - 4*q - 102 - 54, -142 = -3*o - 2*q. Suppose -w - w + o = v. Is w a composite number?
True
Suppose 0 = 6*v - 3*v - 21. Let u(n) = -11*n + 19. Let m(h) = -17*h + 28. Let f(x) = -5*m(x) + 7*u(x). Is f(v) a prime number?
False
Let q(b) = b**3 + 7*b - 7. Is q(6) prime?
True
Suppose -9*l + 442 = -7*l. Is l a composite number?
True
Let z(o) = o**3 + 10*o**2 - 12*o - 10. Let v be z(-11). Is 20 + (0 - (2 - v)) composite?
False
Suppose -5*b + 5*p + 19 = p, -3*p = b. Suppose -4*n - 152 = n - h, -b*n = 5*h + 108. Let d = n - -56. Is d composite?
True
Let g(t) = -3*t + 2. Let z be g(-7). Suppose -s = -4*a + 28, 0*s - 3*a = -s - z. Let i = 14 + s. Is i composite?
True
Let t be 3/(1 - 2/5). Suppose -9 = -t*l + 11. Is l composite?
True
Let t(h) be the second derivative of -h**5/20 + 5*h**4/12 + 2*h**2 + h. Let z be t(4). Suppose q = -n + 11, 2*n + 6*q = 3*q + z. Is n prime?
True
Suppose -d = -3*t - 14, 0 = 3*d + 2*t - 0 + 2. Suppose 0 = -d*r + 10, 162 = k + 2*r - r. Is k composite?
False
Suppose -35 = -4*r - r - 5*a, 2 = -2*r + 2*a. Suppose 2*l - r*l + 13 = 0. Is l a composite number?
False
Let h(f) = 103*f**2 + 8*f + 4. Is h(-3) a composite number?
False
Suppose f + 3*o - 2 = 0, 2*o = -4*f + 3*o - 18. Let s = f + 37. Is s a prime number?
False
Let q(f) = 111*f + 3. Let o be q(2). Suppose -4*w + o + 43 = 0. Is w a composite number?
False
Let x = -16 - -37. Is x prime?
False
Is (-120)/6*((-78)/8 + 2) composite?
True
Let u be 1/(-3) + (-40)/(-12). Let y(h) = -2*h**2 + 2 + 3*h + 13*h**2 + 0*h - 5*h. Is y(u) a prime number?
False
Suppose 0 = 4*h + h - 35. Let d(u) = -1 - h - u**2 - 1 - 8*u. Is d(-6) a composite number?
False
Is (140/(-6))/(4/(-6)) prime?
False
Let p(u) = -166*u - 4. Let m be p(-2). Let o = m + 261. Is o composite?
True
Let p = -948 - -1915. Is p a prime number?
True
Let d(i) = i**2 - 7*i. Let t be d(6). Let a be 1/(-2) + t/4. Is -6 - -3 - a - -23 prime?
False
Let r be (2 - 4/2)/1. Suppose r = -d + 5*n + 32, n = -5*d - 2*n + 188. Is d prime?
True
Let g(t) = -t**2 + 2*t - 1. Let x be g(4). Let p be 2/3 + (-12)/x. Suppose -4*c - 3*s + 175 = 0, -2*c - p*s = 2*c - 174. Is c prime?
True
Let f = 1 - -2. Suppose 93 = 5*a + f*u + u, -2*a - 4*u = -30. Is a composite?
True
Suppose -3*w + 215 = 2*w - 2*x, -w = -x - 46. Suppose 0 = -u + w + 38. Is u composite?
False
Let s(u) = -4*u**3 + 4*u**2 - 13*u + 15. Let b(z) = 2*z**3 - 2*z**2 + 7*z - 8. Let y(w) = 5*b(w) + 3*s(w). Is y(-6) prime?
False
Let a be (-4 + 3)*-13 - 1. Suppose -a = -4*d + 88. Is d a prime number?
False
Suppose 4*b - 420 = -4*r, 43 = r + 5*b - 74. Suppose j = -j + 4*y + r, -2*y + 145 = 3*j. Is j composite?
True
Suppose 0 = -3*c - 3*c + 4854. Is c composite?
False
Let b = 180 + -101. Is b composite?
False
Suppose 4*m = -2*q + 4*q + 996, m - 249 = 4*q. Suppose -2*i = -5*i + m. Is i composite?
False
Let w be (6/9)/((-2)/(-15)). Suppose 5 = -w*q - 3*j + 7*j, q = -4*j + 23. Is q a composite number?
False
Suppose -5*k - 1247 = -6*k - 4*c, -k - 3*c = -1247. Is k composite?
True
Let v be (-17)/(-3) - (-10)/(-15). Suppose v*z + k - 160 + 40 = 0, 0 = 4*z - 4*k - 72. Is z composite?
False
Let k be (69 + -3 + 3)/1. Let l = k - 111. Let j = 17 - l. Is j a composite number?
False
Let k(v) = 5*v**3 - 8*v**2 - 5*v + 9. Let o be k(7). Is o/7 - (-14)/(-49) a prime number?
False
Suppose -2118 = 9*q - 11*q. Is q a prime number?
False
Suppose 0 = 2*m - 3*m + 6. Let r(c) = c**3 - 5*c**2 + 4*c - 5. Is r(m) a prime number?
False
Let c be 1/(0 + 1/(-3)). Let z(b) = 7*b**2 - 2*b - 4. Is z(c) prime?
False
Suppose 10*o - 5*o - 1185 = 0. Is o composite?
True
Suppose 3*c + 2*g = 747, -2*c - 80 = -3*g - 565. Suppose 461 = 5*d - 4*l, -d + c = 2*d + 5*l. Is d a prime number?
True
Let s(m) = -m**2 + 31. Suppose 0 = t - 3. Let y be (t + -1 + -2)/(-2). Is s(y) a prime number?
True
Let z(n) = n**3 + 38*n**2 + 37*n - 61. Is z(-31) composite?
False
Suppose 2*k + 4*y - 10 = 0, 5 = k - 4*y + y. Let h(p) = -4*p + 7. Let a be h(-5). Suppose 122 = k*i + a. Is i composite?
False
Let o(w) be the second derivative of w**4/6 + w**3/3 - w**2/2 + 7*w. Is o(7) a prime number?
False
Let g(u) = -u + 1. Let q be g(5). Let c(t) = -t**2 - 11*t - 5. Let h be c(q). Suppose 0 = a - 0*a - h. Is a prime?
True
Suppose 2*u + 4 = -f + 6*u, u = -5*f + 1. Suppose r + 4*a - 18 = f, 6*a + 9 = 3*r + 3*a. Is r prime?
False
Let s = 14 - 10. Suppose 2*g + 5*z + 455 = 5*g, s*g - 584 = z. Is g composite?
True
Is (8076/(-36))/((-1)/3) a composite number?
False
Is (721/(-3))/((-20)/60) a composite number?
True
Let m(p) = 162*p**2 - 1. Let k = -16 - -17. Is m(k) composite?
True
Let i(u) = u**2 - u + 1. Let c(t) = t**3 - t**2 + 7*t - 2. Let m(n) = -c(n) - 4*i(n). Let y be m(-2)